ainder when 10214946 is divided by 10256.
10226
What is the remainder when 11484142 is divided by 5435?
5422
Calculate the remainder when 2247031 is divided by 78.
7
Calculate the remainder when 8674674 is divided by 44.
30
What is the remainder when 80205319 is divided by 138?
133
Calculate the remainder when 74309 is divided by 36997.
315
What is the remainder when 120871 is divided by 5749?
142
Calculate the remainder when 22085 is divided by 10566.
953
Calculate the remainder when 117823 is divided by 453.
43
Calculate the remainder when 7356193 is divided by 1471233.
28
Calculate the remainder when 1424207 is divided by 1424149.
58
Calculate the remainder when 403584 is divided by 403314.
270
Calculate the remainder when 2313555 is divided by 127.
123
What is the remainder when 24663 is divided by 984?
63
Calculate the remainder when 26608095 is divided by 2046776.
7
What is the remainder when 2450831 is divided by 947?
942
What is the remainder when 16990751 is divided by 816?
815
What is the remainder when 1184352 is divided by 209?
158
Calculate the remainder when 2485637 is divided by 1096.
1005
Calculate the remainder when 8189 is divided by 3980.
229
Calculate the remainder when 88027 is divided by 3845.
3437
What is the remainder when 1942799 is divided by 1437?
1412
Calculate the remainder when 700804 is divided by 55.
49
Calculate the remainder when 5144871 is divided by 127.
101
What is the remainder when 16004831 is divided by 2276?
2275
Calculate the remainder when 550777 is divided by 275380.
17
What is the remainder when 251400270 is divided by 3362?
3358
Calculate the remainder when 5492927 is divided by 6270.
407
Calculate the remainder when 34245102 is divided by 1902503.
48
Calculate the remainder when 6978487 is divided by 19.
15
Calculate the remainder when 1062296 is divided by 14754.
8
Calculate the remainder when 192506 is divided by 9076.
1910
Calculate the remainder when 59613621 is divided by 3974241.
6
What is the remainder when 1101478 is divided by 406?
0
What is the remainder when 997829 is divided by 249388?
277
What is the remainder when 291227 is divided by 288435?
2792
What is the remainder when 19928 is divided by 1043?
111
Calculate the remainder when 8098764 is divided by 218885.
19
Calculate the remainder when 213078 is divided by 225.
3
What is the remainder when 1211194 is divided by 2915?
1469
Calculate the remainder when 1649991 is divided by 78552.
399
What is the remainder when 179446 is divided by 13631?
2243
What is the remainder when 243512 is divided by 383?
307
What is the remainder when 26879 is divided by 13305?
269
Calculate the remainder when 113870 is divided by 5409.
281
What is the remainder when 344749 is divided by 114908?
25
What is the remainder when 37769585 is divided by 213?
212
Calculate the remainder when 28180663 is divided by 90.
43
What is the remainder when 1332904 is divided by 36?
4
What is the remainder when 1302911 is divided by 558?
539
What is the remainder when 5763704 is divided by 374?
364
What is the remainder when 218035286 is divided by 379?
376
Calculate the remainder when 20351127 is divided by 6783659.
150
Calculate the remainder when 1302835573 is divided by 1561.
1558
Calculate the remainder when 9168792 is divided by 687.
90
Calculate the remainder when 39815699 is divided by 150.
149
Calculate the remainder when 31148241 is divided by 5235.
5226
Calculate the remainder when 1586093 is divided by 309.
305
What is the remainder when 16092384 is divided by 265?
259
Calculate the remainder when 66912 is divided by 32765.
1382
What is the remainder when 3945517 is divided by 657578?
49
What is the remainder when 221040438 is divided by 3678?
3672
Calculate the remainder when 29350 is divided by 14630.
90
Calculate the remainder when 289476 is divided by 96480.
36
Calculate the remainder when 203400075 is divided by 22.
21
What is the remainder when 324257 is divided by 12970?
7
What is the remainder when 16928106 is divided by 23?
14
Calculate the remainder when 20239190 is divided by 1105.
10
Calculate the remainder when 959890 is divided by 68.
2
Calculate the remainder when 896234 is divided by 125.
109
Calculate the remainder when 251748 is divided by 1004.
748
What is the remainder when 762945786 is divided by 229?
226
Calculate the remainder when 898132 is divided by 24941.
256
Calculate the remainder when 396344 is divided by 62.
40
What is the remainder when 126020 is divided by 142?
66
Calculate the remainder when 7283320 is divided by 248.
56
Calculate the remainder when 373342 is divided by 10974.
226
What is the remainder when 2499505 is divided by 422?
421
What is the remainder when 1460634173 is divided by 13?
11
Calculate the remainder when 99064182 is divided by 24766045.
2
Calculate the remainder when 27133330 is divided by 335.
5
Calculate the remainder when 239613 is divided by 2220.
2073
What is the remainder when 96617 is divided by 1997?
761
Calculate the remainder when 6802 is divided by 2021.
739
Calculate the remainder when 4944599 is divided by 7526.
17
Calculate the remainder when 1012827 is divided by 20238.
927
Calculate the remainder when 2704329 is divided by 223.
8
What is the remainder when 2662136 is divided by 775?
11
What is the remainder when 10966215 is divided by 604?
595
What is the remainder when 13160783 is divided by 43?
31
Calculate the remainder when 4083552 is divided by 127611.
0
What is the remainder when 1556610 is divided by 971?
97
What is the remainder when 216525389 is divided by 794?
1
What is the remainder when 1034246 is divided by 640?
6
Calculate the remainder when 583307 is divided by 191338.
9293
What is the remainder when 54072884 is divided by 40?
4
What is the remainder when 136706093 is divided by 186?
185
Calculate the remainder when 9473557 is divided by 127.
119
Calculate the remainder when 29077438 is divided by 672.
670
Calculate the remainder when 2944700 is divided by 75505.
5
Calculate the remainder when 5503480 is divided by 120.
40
Calculate the remainder when 69052 is divided by 3146.
2986
Calculate the remainder when 24309256 is divided by 7173.
7132
Calculate the remainder when 2867054 is divided by 1455.
704
Calculate the remainder when 126888598 is divided by 334.
328
What is the remainder when 297260 is divided by 420?
320
What is the remainder when 76845 is divided by 2400?
45
What is the remainder when 212003 is divided by 17212?
5459
What is the remainder when 729642 is divided by 1915?
27
What is the remainder when 8301301 is divided by 682?
679
What is the remainder when 2575129 is divided by 8199?
643
What is the remainder when 41693 is divided by 2825?
2143
Calculate the remainder when 51053049 is divided by 55.
14
What is the remainder when 91526 is divided by 14?
8
Calculate the remainder when 275918 is divided by 30644.
122
What is the remainder when 5432606 is divided by 1810817?
155
Calculate the remainder when 88443 is divided by 1291.
655
What is the remainder when 1173931 is divided by 391251?
178
Calculate the remainder when 9606785 is divided by 2243.
16
What is the remainder when 112707176 is divided by 25282?
20
What is the remainder when 12082132 is divided by 4027319?
175
Calculate the remainder when 9381 is divided by 1572.
1521
What is the remainder when 1368822 is divided by 1737?
66
Calculate the remainder when 234721 is divided by 148.
141
Calculate the remainder when 2949065 is divided by 589261.
2760
What is the remainder when 12509980 is divided by 12509971?
9
What is the remainder when 1053970 is divided by 9?
7
What is the remainder when 2850772 is divided by 20?
12
Calculate the remainder when 10815 is divided by 5262.
291
Calculate the remainder when 4502085 is divided by 948.
33
Calculate the remainder when 150444 is divided by 1172.
428
Calculate the remainder when 1008880 is divided by 4185.
295
What is the remainder when 998436 is divided by 14347?
8493
What is the remainder when 924664 is divided by 1181?
1122
Calculate the remainder when 2170460 is divided by 1029.
299
Calculate the remainder when 87419 is divided by 28979.
482
What is the remainder when 1220714 is divided by 13564?
13518
Calculate the remainder when 28377313 is divide